{"id":4599,"date":"2025-07-31T13:39:25","date_gmt":"2025-07-31T12:39:25","guid":{"rendered":"https:\/\/fondazione.cc\/?page_id=4599"},"modified":"2026-01-16T11:39:37","modified_gmt":"2026-01-16T10:39:37","slug":"premiere-page-fr","status":"publish","type":"page","link":"https:\/\/fondazione.cc\/fr\/premiere-page-fr\/","title":{"rendered":"Premi\u00e8re"},"content":{"rendered":"\n<h1 class=\"wp-block-heading fixed-post-title\" style=\"font-size:rem\">PREMIERE<\/h1>\n\n\n\n<h2 class=\"wp-block-heading\"><em>Premi\u00e8re<\/em>, le prix-r\u00e9sidence Fondazione Claudia Cardinale, pour un premier film au Festival International de cin\u00e9ma de Marseille.<\/h2>\n\n\n\n<p>Le Prix Fondazione Claudia Cardinale est d\u00e9cern\u00e9 par le jury de la comp\u00e9tition Premier Film du FID Marseille, \u00e0 un ou une cin\u00e9aste pour son premier long m\u00e9trage. Ce prix de r\u00e9sidence refl\u00e8te l&rsquo;engagement de l&rsquo;actrice ayant soutenu le jeune cin\u00e9ma en participant \u00e0 de nombreux premiers films.<\/p>\n\n\n\n<div class=\"wp-block-group is-layout-constrained wp-block-group-is-layout-constrained\" style=\"border-top-color:var(--wp--preset--color--primary);border-top-width:1px;padding-top:var(--wp--preset--spacing--60);padding-bottom:var(--wp--preset--spacing--60)\">\n<div class=\"wp-block-query is-layout-flow wp-block-query-is-layout-flow\"><ul class=\"columns-6 wp-block-post-template is-layout-grid wp-container-core-post-template-is-layout-63d9e32e wp-block-post-template-is-layout-grid\"><li class=\"wp-block-post post-4472 post type-post status-publish format-standard has-post-thumbnail hentry category-premiere-fr\">\n<figure class=\"wp-block-post-featured-image\"><a href=\"https:\/\/fondazione.cc\/fr\/premiere-fr\/premiere-fr-25\/\" target=\"_self\" rel=\"https:\/\/fondazione.cc\/fcc\/wp-admin\/post.php?post=4443&amp;action=edit&amp;lang=en\" ><img data-recalc-dims=\"1\" loading=\"lazy\" decoding=\"async\" width=\"580\" height=\"486\" src=\"https:\/\/i0.wp.com\/fondazione.cc\/fcc\/wp-content\/uploads\/2025\/07\/FID-LAUREL.png?resize=580%2C486&#038;ssl=1\" class=\"attachment-post-thumbnail size-post-thumbnail wp-post-image\" alt=\"Premiere\" style=\"border-radius:100%;object-fit:cover;\" srcset=\"https:\/\/i0.wp.com\/fondazione.cc\/fcc\/wp-content\/uploads\/2025\/07\/FID-LAUREL.png?w=580&amp;ssl=1 580w, https:\/\/i0.wp.com\/fondazione.cc\/fcc\/wp-content\/uploads\/2025\/07\/FID-LAUREL.png?resize=300%2C251&amp;ssl=1 300w\" sizes=\"auto, (max-width: 580px) 100vw, 580px\" data-attachment-id=\"4551\" data-permalink=\"https:\/\/fondazione.cc\/fr\/fid-laurel-2\/\" data-orig-file=\"https:\/\/i0.wp.com\/fondazione.cc\/fcc\/wp-content\/uploads\/2025\/07\/FID-LAUREL.png?fit=580%2C486&amp;ssl=1\" data-orig-size=\"580,486\" data-comments-opened=\"1\" data-image-meta=\"{&quot;aperture&quot;:&quot;0&quot;,&quot;credit&quot;:&quot;&quot;,&quot;camera&quot;:&quot;&quot;,&quot;caption&quot;:&quot;&quot;,&quot;created_timestamp&quot;:&quot;0&quot;,&quot;copyright&quot;:&quot;&quot;,&quot;focal_length&quot;:&quot;0&quot;,&quot;iso&quot;:&quot;0&quot;,&quot;shutter_speed&quot;:&quot;0&quot;,&quot;title&quot;:&quot;&quot;,&quot;orientation&quot;:&quot;0&quot;}\" data-image-title=\"FID LAUREL\" data-image-description=\"\" data-image-caption=\"\" data-large-file=\"https:\/\/i0.wp.com\/fondazione.cc\/fcc\/wp-content\/uploads\/2025\/07\/FID-LAUREL.png?fit=580%2C486&amp;ssl=1\" \/><\/a><\/figure>\n\n<h5 style=\"font-size:1.4rem;font-style:normal;font-weight:100; padding-top:0;padding-bottom:0;margin-top:var(--wp--preset--spacing--20);margin-bottom:var(--wp--preset--spacing--20);\" class=\"has-text-align-center wp-block-post-title\"><a href=\"https:\/\/fondazione.cc\/fr\/premiere-fr\/premiere-fr-25\/\" target=\"_self\" >Premiere<\/a><\/h5>\n<\/li><\/ul><\/div>\n<\/div>\n\n\n\n<p><\/p>\n","protected":false},"excerpt":{"rendered":"<p>PREMIERE Premi\u00e8re, le prix-r\u00e9sidence Fondazione Claudia Cardinale, pour un premier film au Festival International de cin\u00e9ma de Marseille. Le Prix Fondazione Claudia Cardinale est d\u00e9cern\u00e9 par le jury de la comp\u00e9tition Premier Film du FID Marseille, \u00e0 un ou une cin\u00e9aste pour son premier long m\u00e9trage. Ce prix de r\u00e9sidence refl\u00e8te l&rsquo;engagement de l&rsquo;actrice ayant [&hellip;]<\/p>\n","protected":false},"author":2,"featured_media":4551,"parent":0,"menu_order":0,"comment_status":"closed","ping_status":"closed","template":"","meta":{"give_campaign_id":0,"footnotes":""},"class_list":["post-4599","page","type-page","status-publish","has-post-thumbnail","hentry"],"campaignId":"","featured_image_src":"https:\/\/fondazione.cc\/fcc\/wp-content\/uploads\/2025\/07\/FID-LAUREL.png","featured_image_src_square":"https:\/\/fondazione.cc\/fcc\/wp-content\/uploads\/2025\/07\/FID-LAUREL.png","rbea_author_info":{"display_name":"Perrine Gamot","author_link":"https:\/\/fondazione.cc\/fr\/author\/perrine_gamot\/"},"rbea_excerpt_info":"PREMIERE Premi\u00e8re, le prix-r\u00e9sidence Fondazione Claudia Cardinale, pour un premier film au Festival International de cin\u00e9ma de Marseille. Le Prix Fondazione Claudia Cardinale est d\u00e9cern\u00e9 par le jury de la comp\u00e9tition Premier Film du FID Marseille, \u00e0 un ou une cin\u00e9aste pour son premier long m\u00e9trage. Ce prix de r\u00e9sidence refl\u00e8te l&rsquo;engagement de l&rsquo;actrice ayant [&hellip;]","jetpack_sharing_enabled":true,"_links":{"self":[{"href":"https:\/\/fondazione.cc\/fr\/wp-json\/wp\/v2\/pages\/4599","targetHints":{"allow":["GET"]}}],"collection":[{"href":"https:\/\/fondazione.cc\/fr\/wp-json\/wp\/v2\/pages"}],"about":[{"href":"https:\/\/fondazione.cc\/fr\/wp-json\/wp\/v2\/types\/page"}],"author":[{"embeddable":true,"href":"https:\/\/fondazione.cc\/fr\/wp-json\/wp\/v2\/users\/2"}],"replies":[{"embeddable":true,"href":"https:\/\/fondazione.cc\/fr\/wp-json\/wp\/v2\/comments?post=4599"}],"version-history":[{"count":14,"href":"https:\/\/fondazione.cc\/fr\/wp-json\/wp\/v2\/pages\/4599\/revisions"}],"predecessor-version":[{"id":5288,"href":"https:\/\/fondazione.cc\/fr\/wp-json\/wp\/v2\/pages\/4599\/revisions\/5288"}],"wp:featuredmedia":[{"embeddable":true,"href":"https:\/\/fondazione.cc\/fr\/wp-json\/wp\/v2\/media\/4551"}],"wp:attachment":[{"href":"https:\/\/fondazione.cc\/fr\/wp-json\/wp\/v2\/media?parent=4599"}],"curies":[{"name":"wp","href":"https:\/\/api.w.org\/{rel}","templated":true}]}}

Première

<h1 class="wp-block-heading fixed-post-title" style="font-size:rem">PREMIERE</h1>



<h2 class="wp-block-heading"><em>Première</em>, le prix-résidence Fondazione Claudia Cardinale, pour un premier film au Festival International de cinéma de Marseille.</h2>



<p>Le Prix Fondazione Claudia Cardinale est décerné par le jury de la compétition Premier Film du FID Marseille, à un ou une cinéaste pour son premier long métrage. Ce prix de résidence reflète l&rsquo;engagement de l&rsquo;actrice ayant soutenu le jeune cinéma en participant à de nombreux premiers films.</p>



<div class="wp-block-group is-layout-constrained wp-block-group-is-layout-constrained" style="border-top-color:var(--wp--preset--color--primary);border-top-width:1px;padding-top:var(--wp--preset--spacing--60);padding-bottom:var(--wp--preset--spacing--60)">
<div class="wp-block-query is-layout-flow wp-block-query-is-layout-flow"><ul class="columns-6 wp-block-post-template is-layout-grid wp-container-core-post-template-is-layout-63d9e32e wp-block-post-template-is-layout-grid"><li class="wp-block-post post-4472 post type-post status-publish format-standard has-post-thumbnail hentry category-premiere-fr">
<figure class="wp-block-post-featured-image"><a href="https://fondazione.cc/fr/premiere-fr/premiere-fr-25/" target="_self" rel="https://fondazione.cc/fcc/wp-admin/post.php?post=4443&amp;action=edit&amp;lang=en" ><img data-recalc-dims="1" loading="lazy" decoding="async" width="580" height="486" src="https://i0.wp.com/fondazione.cc/fcc/wp-content/uploads/2025/07/FID-LAUREL.png?resize=580%2C486&#038;ssl=1" class="attachment-post-thumbnail size-post-thumbnail wp-post-image" alt="Premiere" style="border-radius:100%;object-fit:cover;" srcset="https://i0.wp.com/fondazione.cc/fcc/wp-content/uploads/2025/07/FID-LAUREL.png?w=580&amp;ssl=1 580w, https://i0.wp.com/fondazione.cc/fcc/wp-content/uploads/2025/07/FID-LAUREL.png?resize=300%2C251&amp;ssl=1 300w" sizes="auto, (max-width: 580px) 100vw, 580px" data-attachment-id="4551" data-permalink="https://fondazione.cc/fr/fid-laurel-2/" data-orig-file="https://i0.wp.com/fondazione.cc/fcc/wp-content/uploads/2025/07/FID-LAUREL.png?fit=580%2C486&amp;ssl=1" data-orig-size="580,486" data-comments-opened="1" data-image-meta="{&quot;aperture&quot;:&quot;0&quot;,&quot;credit&quot;:&quot;&quot;,&quot;camera&quot;:&quot;&quot;,&quot;caption&quot;:&quot;&quot;,&quot;created_timestamp&quot;:&quot;0&quot;,&quot;copyright&quot;:&quot;&quot;,&quot;focal_length&quot;:&quot;0&quot;,&quot;iso&quot;:&quot;0&quot;,&quot;shutter_speed&quot;:&quot;0&quot;,&quot;title&quot;:&quot;&quot;,&quot;orientation&quot;:&quot;0&quot;}" data-image-title="FID LAUREL" data-image-description="" data-image-caption="" data-large-file="https://i0.wp.com/fondazione.cc/fcc/wp-content/uploads/2025/07/FID-LAUREL.png?fit=580%2C486&amp;ssl=1" /></a></figure>

<h5 style="font-size:1.4rem;font-style:normal;font-weight:100; padding-top:0;padding-bottom:0;margin-top:var(--wp--preset--spacing--20);margin-bottom:var(--wp--preset--spacing--20);" class="has-text-align-center wp-block-post-title"><a href="https://fondazione.cc/fr/premiere-fr/premiere-fr-25/" target="_self" >Premiere</a></h5>
</li></ul></div>
</div>



<p></p>

<p>PREMIERE Première, le prix-résidence Fondazione Claudia Cardinale, pour un premier film au Festival International de cinéma de Marseille. Le Prix Fondazione Claudia Cardinale est décerné par le jury de la compétition Premier Film du FID Marseille, à un ou une cinéaste pour son premier long métrage. Ce prix de résidence reflète l&rsquo;engagement de l&rsquo;actrice ayant [&hellip;]</p>

PREMIERE Première, le prix-résidence Fondazione Claudia Cardinale, pour un premier film au Festival International de cinéma de Marseille. Le Prix Fondazione Claudia Cardinale est décerné par le jury de la compétition Premier Film du FID Marseille, à un ou une cinéaste pour son premier long métrage. Ce prix de résidence reflète l&rsquo;engagement de l&rsquo;actrice ayant [&hellip;]
