{"id":2875,"date":"2024-11-08T11:09:52","date_gmt":"2024-11-08T10:09:52","guid":{"rendered":"https:\/\/fondazione.cc\/?page_id=2875"},"modified":"2024-11-14T17:04:22","modified_gmt":"2024-11-14T16:04:22","slug":"bienvenue-a-lafondazione-claudia-cardinale","status":"publish","type":"page","link":"https:\/\/fondazione.cc\/fr\/","title":{"rendered":"Bienvenue \u00e0 la Fondazione Claudia Cardinale"},"content":{"rendered":"\n<div style=\"height:25px\" aria-hidden=\"true\" class=\"wp-block-spacer\"><\/div>\n\n\n\n<div class=\"wp-block-group alignwide is-layout-constrained wp-container-core-group-is-layout-9387084c wp-block-group-is-layout-constrained\">\n<div class=\"wp-block-columns is-layout-flex wp-container-core-columns-is-layout-d7d455e7 wp-block-columns-is-layout-flex\" style=\"padding-top:0;padding-right:0;padding-bottom:0;padding-left:0\">\n<div class=\"wp-block-column is-vertically-aligned-top is-layout-flow wp-block-column-is-layout-flow\" style=\"flex-basis:45%\">\n<h1 class=\"wp-block-heading has-text-align-left\">Bienvenue \u00e0 la<br><em>Fondazione Claudia Cardinale<\/em><\/h1>\n\n\n\n<figure class=\"wp-block-image alignleft size-large\"><img data-recalc-dims=\"1\" loading=\"lazy\" decoding=\"async\" width=\"1024\" height=\"704\" src=\"https:\/\/i0.wp.com\/fondazione.cc\/fcc\/wp-content\/uploads\/2024\/03\/IMG_8894_sansbords.jpg?resize=1024%2C704&#038;ssl=1\" alt=\"\" class=\"wp-image-1913\" srcset=\"https:\/\/i0.wp.com\/fondazione.cc\/fcc\/wp-content\/uploads\/2024\/03\/IMG_8894_sansbords-scaled.jpg?resize=1024%2C704&amp;ssl=1 1024w, https:\/\/i0.wp.com\/fondazione.cc\/fcc\/wp-content\/uploads\/2024\/03\/IMG_8894_sansbords-scaled.jpg?resize=300%2C206&amp;ssl=1 300w, https:\/\/i0.wp.com\/fondazione.cc\/fcc\/wp-content\/uploads\/2024\/03\/IMG_8894_sansbords-scaled.jpg?resize=768%2C528&amp;ssl=1 768w, https:\/\/i0.wp.com\/fondazione.cc\/fcc\/wp-content\/uploads\/2024\/03\/IMG_8894_sansbords-scaled.jpg?resize=1536%2C1056&amp;ssl=1 1536w, https:\/\/i0.wp.com\/fondazione.cc\/fcc\/wp-content\/uploads\/2024\/03\/IMG_8894_sansbords-scaled.jpg?resize=2048%2C1408&amp;ssl=1 2048w, https:\/\/i0.wp.com\/fondazione.cc\/fcc\/wp-content\/uploads\/2024\/03\/IMG_8894_sansbords-scaled.jpg?resize=18%2C12&amp;ssl=1 18w\" sizes=\"auto, (max-width: 1000px) 100vw, 1000px\" \/><figcaption class=\"wp-element-caption\"><sup><sub>\u00a9ciroprota<\/sub><\/sup><\/figcaption><\/figure>\n<\/div>\n\n\n\n<div class=\"wp-block-column is-vertically-aligned-top is-layout-flow wp-block-column-is-layout-flow\" style=\"flex-basis:55%\">\n<div class=\"wp-block-group is-layout-constrained wp-block-group-is-layout-constrained\">\n<blockquote class=\"wp-block-quote is-layout-flow wp-block-quote-is-layout-flow\">\n<p>J&rsquo;ai toujours \u00e9t\u00e9 convaincue que l&rsquo;art et la cr\u00e9ation sont des ressources illimit\u00e9es pour renouveler l&rsquo;imaginaire sur les enjeux contemporains.&nbsp;<\/p>\n\n\n\n<p>Les batailles que j\u2019ai d\u00e9fendues au cours de ma vie telles que la d\u00e9fense du Droit des femmes et de l\u2019environnement, sont toujours aussi vives et n\u00e9cessitent de nouvelles \u00e9nergies afin d\u2019\u00eatre port\u00e9es.&nbsp;<\/p>\n\n\n\n<p>C&rsquo;est dans ce d\u00e9sir de transmission que la&nbsp;<em>Fondazione<\/em>&nbsp;est n\u00e9e.&nbsp;<\/p>\n\n\n\n<p>Aujourd\u2019hui, pour mon plus grand bonheur, il ne s\u2019agit pas de moi, figure du monde culturel mais d\u2019une \u00e9quipe qui \u0153uvre dans cette direction commune afin de permettre \u00e0 l\u2019art d\u2019\u00eatre une voix du changement.<\/p>\n\n\n\n<p>La&nbsp;<em>Fondazione<\/em>&nbsp;c\u2019est aussi ma maison, un lieu de vie dans tous les sens du terme. Un lieu de partage, nourrit de la richesse d\u2019un territoire et ouvert sur le monde.<\/p>\n\n\n\n<p>En esp\u00e9rant que nos aspirations rencontrent votre int\u00e9r\u00eat et votre soutien.<\/p>\n\n\n\n<p>Chaleureusement,<\/p>\n<\/blockquote>\n<\/div>\n\n\n\n<figure class=\"wp-block-image alignleft size-full is-resized\"><img data-recalc-dims=\"1\" loading=\"lazy\" decoding=\"async\" width=\"337\" height=\"119\" src=\"https:\/\/i0.wp.com\/fondazione.cc\/fcc\/wp-content\/uploads\/2023\/06\/unnamed.jpg?resize=337%2C119&#038;ssl=1\" alt=\"\" class=\"wp-image-986\" style=\"width:218px;height:auto\" srcset=\"https:\/\/i0.wp.com\/fondazione.cc\/fcc\/wp-content\/uploads\/2023\/06\/unnamed.jpg?w=337&amp;ssl=1 337w, https:\/\/i0.wp.com\/fondazione.cc\/fcc\/wp-content\/uploads\/2023\/06\/unnamed.jpg?resize=300%2C106&amp;ssl=1 300w\" sizes=\"auto, (max-width: 337px) 100vw, 337px\" \/><\/figure>\n<\/div>\n<\/div>\n<\/div>\n\n\n\n<h1 class=\"wp-block-heading\"><br>Nos points Cardinaux:<\/h1>\n\n\n\n<p><strong>Accompagnement \u00e0 la production<\/strong><br><em>La Fondazione<\/em>&nbsp;propose un accompagnement au plus pr\u00e8s des artistes invit\u00e9s, mettant tout en \u0153uvre pour le bon cheminement de leur processus cr\u00e9atif, du travail de recherche jusqu\u2019\u00e0 la r\u00e9alisation finale. Dans ce suivi, l\u2019artiste est incit\u00e9 \u00e0 travailler avec les forces vives en action, dans un \u00e9lan spontan\u00e9 et ouvert au contexte. \u00c0 l&rsquo;issue de ces temps de cr\u00e9ation, le travail est pr\u00e9sent\u00e9 au public, au&nbsp;<em>Le Picardeau&nbsp;<\/em>ou dans un site local partenaire, avant de voyager en France et \u00e0 l&rsquo;international dans le cadre de partenariats.<\/p>\n\n\n\n<p><strong>Programmation<\/strong><br><em>La Fondazione<\/em>&nbsp;contribue \u00e0 la dynamique locale par la programmation r\u00e9guli\u00e8re d\u2019\u00e9v\u00e9nements artistiques. Elle ouvre les portes de son si\u00e8ge&nbsp;<em>Le Picardeau<\/em>&nbsp;: les g\u00eetes, le bar-restaurant et le jardin, comme un lieu de vie, de rencontres, de circulation afin d\u2019agir localement comme un port vivant, accessible \u00e0 tous.<\/p>\n\n\n\n<p><strong>Lier des territoires<\/strong><br><em>La Fondazione<\/em>&nbsp;a \u00e0 c\u0153ur de favoriser l\u2019enracinement des artistes dans le territoire du d\u00e9partement de Sud Seine-et-Marne aussi bien de mani\u00e8re pratique, historique qu\u2019empirique, en apportant notre connaissance, en les mettant en lien avec des r\u00e9alit\u00e9s locales et en collaborant avec d\u2019autres institutions actives dans le territoire. Ces interactions favorisent un enrichissement mutuel et des cr\u00e9ations artistiques riches \u00e9mergent de ce maillage de connaissances, de comp\u00e9tences et d\u2019id\u00e9es.&nbsp;<em>La Fondazione<\/em>&nbsp;se met aussi au service d\u2019\u00e9changes interculturels en travaillant avec des partenaires internationaux, pour que les artistes nourrissent et partagent leur approches et visions \u00e0 l\u2019international.<\/p>\n\n\n\n<p><strong>Ouverture \u00e0 la jeune cr\u00e9ation<\/strong><br><em>La Fondazione<\/em>&nbsp;s\u2019engage pour et avec les jeunes artistes pour favoriser des temps et espaces de recherche et ouvrir le champ de la cr\u00e9ation contemporaine en germe.&nbsp;<em>La Fondazione<\/em>&nbsp;accueille ainsi de jeunes artistes lors de workshops artistiques en partenariat avec des structures culturelles ou de l\u2019enseignement sup\u00e9rieur.<\/p>\n\n\n\n<p><\/p>\n","protected":false},"excerpt":{"rendered":"<p>Bienvenue \u00e0 laFondazione Claudia Cardinale J&rsquo;ai toujours \u00e9t\u00e9 convaincue que l&rsquo;art et la cr\u00e9ation sont des ressources illimit\u00e9es pour renouveler l&rsquo;imaginaire sur les enjeux contemporains.&nbsp; Les batailles que j\u2019ai d\u00e9fendues au cours de ma vie telles que la d\u00e9fense du Droit des femmes et de l\u2019environnement, sont toujours aussi vives et n\u00e9cessitent de nouvelles \u00e9nergies [&hellip;]<\/p>\n","protected":false},"author":1,"featured_media":0,"parent":0,"menu_order":0,"comment_status":"closed","ping_status":"closed","template":"","meta":{"give_campaign_id":0,"footnotes":""},"class_list":["post-2875","page","type-page","status-publish","hentry"],"campaignId":"","featured_image_src":"","featured_image_src_square":false,"rbea_author_info":{"display_name":"kasper_admin","author_link":"https:\/\/fondazione.cc\/fr\/author\/kasper_admin\/"},"rbea_excerpt_info":"Bienvenue \u00e0 laFondazione Claudia Cardinale J&rsquo;ai toujours \u00e9t\u00e9 convaincue que l&rsquo;art et la cr\u00e9ation sont des ressources illimit\u00e9es pour renouveler l&rsquo;imaginaire sur les enjeux contemporains.&nbsp; Les batailles que j\u2019ai d\u00e9fendues au cours de ma vie telles que la d\u00e9fense du Droit des femmes et de l\u2019environnement, sont toujours aussi vives et n\u00e9cessitent de nouvelles \u00e9nergies [&hellip;]","jetpack_sharing_enabled":true,"_links":{"self":[{"href":"https:\/\/fondazione.cc\/fr\/wp-json\/wp\/v2\/pages\/2875","targetHints":{"allow":["GET"]}}],"collection":[{"href":"https:\/\/fondazione.cc\/fr\/wp-json\/wp\/v2\/pages"}],"about":[{"href":"https:\/\/fondazione.cc\/fr\/wp-json\/wp\/v2\/types\/page"}],"author":[{"embeddable":true,"href":"https:\/\/fondazione.cc\/fr\/wp-json\/wp\/v2\/users\/1"}],"replies":[{"embeddable":true,"href":"https:\/\/fondazione.cc\/fr\/wp-json\/wp\/v2\/comments?post=2875"}],"version-history":[{"count":5,"href":"https:\/\/fondazione.cc\/fr\/wp-json\/wp\/v2\/pages\/2875\/revisions"}],"predecessor-version":[{"id":3138,"href":"https:\/\/fondazione.cc\/fr\/wp-json\/wp\/v2\/pages\/2875\/revisions\/3138"}],"wp:attachment":[{"href":"https:\/\/fondazione.cc\/fr\/wp-json\/wp\/v2\/media?parent=2875"}],"curies":[{"name":"wp","href":"https:\/\/api.w.org\/{rel}","templated":true}]}}

Bienvenue à la Fondazione Claudia Cardinale

<div style="height:25px" aria-hidden="true" class="wp-block-spacer"></div>



<div class="wp-block-group alignwide is-layout-constrained wp-container-core-group-is-layout-9387084c wp-block-group-is-layout-constrained">
<div class="wp-block-columns is-layout-flex wp-container-core-columns-is-layout-d7d455e7 wp-block-columns-is-layout-flex" style="padding-top:0;padding-right:0;padding-bottom:0;padding-left:0">
<div class="wp-block-column is-vertically-aligned-top is-layout-flow wp-block-column-is-layout-flow" style="flex-basis:45%">
<h1 class="wp-block-heading has-text-align-left">Bienvenue à la<br><em>Fondazione Claudia Cardinale</em></h1>



<figure class="wp-block-image alignleft size-large"><img data-recalc-dims="1" loading="lazy" decoding="async" width="1024" height="704" src="https://i0.wp.com/fondazione.cc/fcc/wp-content/uploads/2024/03/IMG_8894_sansbords.jpg?resize=1024%2C704&#038;ssl=1" alt="" class="wp-image-1913" srcset="https://i0.wp.com/fondazione.cc/fcc/wp-content/uploads/2024/03/IMG_8894_sansbords-scaled.jpg?resize=1024%2C704&amp;ssl=1 1024w, https://i0.wp.com/fondazione.cc/fcc/wp-content/uploads/2024/03/IMG_8894_sansbords-scaled.jpg?resize=300%2C206&amp;ssl=1 300w, https://i0.wp.com/fondazione.cc/fcc/wp-content/uploads/2024/03/IMG_8894_sansbords-scaled.jpg?resize=768%2C528&amp;ssl=1 768w, https://i0.wp.com/fondazione.cc/fcc/wp-content/uploads/2024/03/IMG_8894_sansbords-scaled.jpg?resize=1536%2C1056&amp;ssl=1 1536w, https://i0.wp.com/fondazione.cc/fcc/wp-content/uploads/2024/03/IMG_8894_sansbords-scaled.jpg?resize=2048%2C1408&amp;ssl=1 2048w, https://i0.wp.com/fondazione.cc/fcc/wp-content/uploads/2024/03/IMG_8894_sansbords-scaled.jpg?resize=18%2C12&amp;ssl=1 18w" sizes="auto, (max-width: 1000px) 100vw, 1000px" /><figcaption class="wp-element-caption"><sup><sub>©ciroprota</sub></sup></figcaption></figure>
</div>



<div class="wp-block-column is-vertically-aligned-top is-layout-flow wp-block-column-is-layout-flow" style="flex-basis:55%">
<div class="wp-block-group is-layout-constrained wp-block-group-is-layout-constrained">
<blockquote class="wp-block-quote is-layout-flow wp-block-quote-is-layout-flow">
<p>J&rsquo;ai toujours été convaincue que l&rsquo;art et la création sont des ressources illimitées pour renouveler l&rsquo;imaginaire sur les enjeux contemporains.&nbsp;</p>



<p>Les batailles que j’ai défendues au cours de ma vie telles que la défense du Droit des femmes et de l’environnement, sont toujours aussi vives et nécessitent de nouvelles énergies afin d’être portées.&nbsp;</p>



<p>C&rsquo;est dans ce désir de transmission que la&nbsp;<em>Fondazione</em>&nbsp;est née.&nbsp;</p>



<p>Aujourd’hui, pour mon plus grand bonheur, il ne s’agit pas de moi, figure du monde culturel mais d’une équipe qui œuvre dans cette direction commune afin de permettre à l’art d’être une voix du changement.</p>



<p>La&nbsp;<em>Fondazione</em>&nbsp;c’est aussi ma maison, un lieu de vie dans tous les sens du terme. Un lieu de partage, nourrit de la richesse d’un territoire et ouvert sur le monde.</p>



<p>En espérant que nos aspirations rencontrent votre intérêt et votre soutien.</p>



<p>Chaleureusement,</p>
</blockquote>
</div>



<figure class="wp-block-image alignleft size-full is-resized"><img data-recalc-dims="1" loading="lazy" decoding="async" width="337" height="119" src="https://i0.wp.com/fondazione.cc/fcc/wp-content/uploads/2023/06/unnamed.jpg?resize=337%2C119&#038;ssl=1" alt="" class="wp-image-986" style="width:218px;height:auto" srcset="https://i0.wp.com/fondazione.cc/fcc/wp-content/uploads/2023/06/unnamed.jpg?w=337&amp;ssl=1 337w, https://i0.wp.com/fondazione.cc/fcc/wp-content/uploads/2023/06/unnamed.jpg?resize=300%2C106&amp;ssl=1 300w" sizes="auto, (max-width: 337px) 100vw, 337px" /></figure>
</div>
</div>
</div>



<h1 class="wp-block-heading"><br>Nos points Cardinaux:</h1>



<p><strong>Accompagnement à la production</strong><br><em>La Fondazione</em>&nbsp;propose un accompagnement au plus près des artistes invités, mettant tout en œuvre pour le bon cheminement de leur processus créatif, du travail de recherche jusqu’à la réalisation finale. Dans ce suivi, l’artiste est incité à travailler avec les forces vives en action, dans un élan spontané et ouvert au contexte. À l&rsquo;issue de ces temps de création, le travail est présenté au public, au&nbsp;<em>Le Picardeau&nbsp;</em>ou dans un site local partenaire, avant de voyager en France et à l&rsquo;international dans le cadre de partenariats.</p>



<p><strong>Programmation</strong><br><em>La Fondazione</em>&nbsp;contribue à la dynamique locale par la programmation régulière d’événements artistiques. Elle ouvre les portes de son siège&nbsp;<em>Le Picardeau</em>&nbsp;: les gîtes, le bar-restaurant et le jardin, comme un lieu de vie, de rencontres, de circulation afin d’agir localement comme un port vivant, accessible à tous.</p>



<p><strong>Lier des territoires</strong><br><em>La Fondazione</em>&nbsp;a à cœur de favoriser l’enracinement des artistes dans le territoire du département de Sud Seine-et-Marne aussi bien de manière pratique, historique qu’empirique, en apportant notre connaissance, en les mettant en lien avec des réalités locales et en collaborant avec d’autres institutions actives dans le territoire. Ces interactions favorisent un enrichissement mutuel et des créations artistiques riches émergent de ce maillage de connaissances, de compétences et d’idées.&nbsp;<em>La Fondazione</em>&nbsp;se met aussi au service d’échanges interculturels en travaillant avec des partenaires internationaux, pour que les artistes nourrissent et partagent leur approches et visions à l’international.</p>



<p><strong>Ouverture à la jeune création</strong><br><em>La Fondazione</em>&nbsp;s’engage pour et avec les jeunes artistes pour favoriser des temps et espaces de recherche et ouvrir le champ de la création contemporaine en germe.&nbsp;<em>La Fondazione</em>&nbsp;accueille ainsi de jeunes artistes lors de workshops artistiques en partenariat avec des structures culturelles ou de l’enseignement supérieur.</p>



<p></p>

<p>Bienvenue à laFondazione Claudia Cardinale J&rsquo;ai toujours été convaincue que l&rsquo;art et la création sont des ressources illimitées pour renouveler l&rsquo;imaginaire sur les enjeux contemporains.&nbsp; Les batailles que j’ai défendues au cours de ma vie telles que la défense du Droit des femmes et de l’environnement, sont toujours aussi vives et nécessitent de nouvelles énergies [&hellip;]</p>

Bienvenue à laFondazione Claudia Cardinale J&rsquo;ai toujours été convaincue que l&rsquo;art et la création sont des ressources illimitées pour renouveler l&rsquo;imaginaire sur les enjeux contemporains.&nbsp; Les batailles que j’ai défendues au cours de ma vie telles que la défense du Droit des femmes et de l’environnement, sont toujours aussi vives et nécessitent de nouvelles énergies [&hellip;]
